{"id":46,"date":"2019-09-11T10:56:54","date_gmt":"2019-09-11T08:56:54","guid":{"rendered":"https:\/\/slegato.de\/?page_id=46"},"modified":"2019-09-13T10:45:13","modified_gmt":"2019-09-13T08:45:13","slug":"cds","status":"publish","type":"page","link":"https:\/\/slegato.de\/index.php\/cds\/","title":{"rendered":"CDs"},"content":{"rendered":"\n<ul class=\"wp-container-2 wp-block-gallery-1 wp-block-gallery columns-2 is-cropped\"><li class=\"blocks-gallery-item\"><figure><img loading=\"lazy\" width=\"977\" height=\"993\" src=\"https:\/\/slegato.de\/wp-content\/uploads\/2019\/09\/DURAKKORD_BOOKLET_Titel.jpg\" alt=\"\" data-id=\"116\" data-link=\"https:\/\/slegato.de\/index.php\/cds\/durakkord_booklet_titel\/\" class=\"wp-image-116\" srcset=\"https:\/\/slegato.de\/wp-content\/uploads\/2019\/09\/DURAKKORD_BOOKLET_Titel.jpg 977w, https:\/\/slegato.de\/wp-content\/uploads\/2019\/09\/DURAKKORD_BOOKLET_Titel-295x300.jpg 295w, https:\/\/slegato.de\/wp-content\/uploads\/2019\/09\/DURAKKORD_BOOKLET_Titel-768x781.jpg 768w\" sizes=\"(max-width: 977px) 100vw, 977px\" \/><\/figure><\/li><li class=\"blocks-gallery-item\"><figure><img loading=\"lazy\" width=\"977\" height=\"993\" src=\"https:\/\/slegato.de\/wp-content\/uploads\/2019\/09\/DURAKKORD_BOOKLET_R\u00fcckseite.jpg\" alt=\"\" data-id=\"117\" data-link=\"https:\/\/slegato.de\/index.php\/cds\/durakkord_booklet_rueckseite\/\" class=\"wp-image-117\" srcset=\"https:\/\/slegato.de\/wp-content\/uploads\/2019\/09\/DURAKKORD_BOOKLET_R\u00fcckseite.jpg 977w, https:\/\/slegato.de\/wp-content\/uploads\/2019\/09\/DURAKKORD_BOOKLET_R\u00fcckseite-295x300.jpg 295w, https:\/\/slegato.de\/wp-content\/uploads\/2019\/09\/DURAKKORD_BOOKLET_R\u00fcckseite-768x781.jpg 768w\" sizes=\"(max-width: 977px) 100vw, 977px\" \/><\/figure><\/li><\/ul>\n\n\n\n<p>Das <strong><a href=\"http:\/\/durakkord.de\/\" target=\"_blank\" rel=\"noreferrer noopener\" aria-label=\" (\u00f6ffnet in neuem Tab)\">Vokalquartett DURAKKORD<\/a><\/strong> singt Lieder des <strong>luxemburgischen Komponisten Laurent Menager<\/strong>. Geistliche und weltliche Werke f\u00fcr vierstimmigen M\u00e4nnergesang.<\/p>\n\n\n\n<p>Der Luxemburger Komponist<strong> Laurent Menager<\/strong> (1835 \u2013 1902) begleitet  <strong><a rel=\"noreferrer noopener\" aria-label=\" (\u00f6ffnet in neuem Tab)\" href=\"http:\/\/durakkord.de\/\" target=\"_blank\">DURAKKORD<\/a><\/strong> seit Beginn seines gemeinsamen Musizierens auf vielf\u00e4ltige Art und Weise. In Zusammenarbeit mit der <strong>Universit\u00e9 du Luxembourg<\/strong>, den Herausgebern der <strong>Menager-Gesamtausgabe<\/strong>, <strong>Damien Sagrillo<\/strong> und <strong>Alain Nitschk\u00e9<\/strong>, und dem <strong><a href=\"http:\/\/merseburger.de\" target=\"_blank\" rel=\"noreferrer noopener\" aria-label=\" (\u00f6ffnet in neuem Tab)\">Verlag Merseburger<\/a><\/strong> aus Kassel, bei dem die Kritische Gesamtausgabe erscheint, konnte <strong>DURAKKORD<\/strong> inzwischen mehrere  musikalische Projekte umsetzen, bei denen geistliche und weltliche Werke Laurent Menagers im Zentrum standen.\u00a0<\/p>\n\n\n\n<p>Im Fr\u00fchjahr 2019 schlie\u00dflich produzierte <strong><a href=\"http:\/\/durakkord.de\/\" target=\"_blank\" rel=\"noreferrer noopener\" aria-label=\" (\u00f6ffnet in neuem Tab)\">DURAKKORD<\/a><\/strong> seine erste <strong><a rel=\"noreferrer noopener\" aria-label=\"CD (\u00f6ffnet in neuem Tab)\" href=\"https:\/\/merseburger.de\/produkt\/laurent-menager-cd-mit-dem-vokalquartett-durakkord\/\" target=\"_blank\">CD<\/a><\/strong> mit einer Auswahl an Werken Menagers: zwei Messvertonungen, erg\u00e4nzt um  geistliche Motetten und einige weltliche, zum Teil hochromantische  Liedvertonungen.<\/p>\n\n\n\n<p>Viele der auf der <strong><a href=\"http:\/\/durakkord.de\/wp-content\/uploads\/sites\/5\/2019\/08\/DURAKKORD_BOOKLET.pdf\" target=\"_blank\" rel=\"noreferrer noopener\" aria-label=\" (\u00f6ffnet in neuem Tab)\">CD<\/a><\/strong> eingespielten Werke sind bis vor wenigen Jahren  nahezu vollst\u00e4ndig unbekannt gewesen. Fr\u00fchere Ver\u00f6ffentlichungen auf  Tontr\u00e4ger d\u00fcrften in nur wenigen F\u00e4llen existieren. Insoweit schlie\u00dft  die vorliegende CD eine noch bestehende Repertoirel\u00fccke auf dem  Tontr\u00e4germarkt. Gleichzeitig leistet die Einspielung einen bescheidenen  Beitrag zur kulturellen Vielfalt der europ\u00e4ischen  Kirchenmusik(geschichte).\u00a0<\/p>\n\n\n\n<p>CD <strong><a href=\"https:\/\/merseburger.de\/produkt\/laurent-menager-cd-mit-dem-vokalquartett-durakkord\/\" target=\"_blank\" rel=\"noreferrer noopener\" aria-label=\" (\u00f6ffnet in neuem Tab)\">hier<\/a> <\/strong>zum Kauf erh\u00e4ltlich.<\/p>\n\n\n\n<p>Hier k\u00f6nnen Sie sich das gesamte Booklet ansehen: <strong><a href=\"http:\/\/durakkord.de\/wp-content\/uploads\/sites\/5\/2019\/08\/DURAKKORD_BOOKLET.pdf\" target=\"_blank\" rel=\"noreferrer noopener\" aria-label=\" (\u00f6ffnet in neuem Tab)\">Download<\/a>.<\/strong><\/p>\n","protected":false},"excerpt":{"rendered":"<p>Das Vokalquartett DURAKKORD singt Lieder des luxemburgischen Komponisten Laurent Menager. Geistliche und weltliche Werke f\u00fcr vierstimmigen M\u00e4nnergesang. Der Luxemburger Komponist Laurent Menager (1835 \u2013 1902)&hellip;<\/p>\n","protected":false},"author":1,"featured_media":0,"parent":0,"menu_order":0,"comment_status":"closed","ping_status":"closed","template":"","meta":[],"_links":{"self":[{"href":"https:\/\/slegato.de\/index.php\/wp-json\/wp\/v2\/pages\/46"}],"collection":[{"href":"https:\/\/slegato.de\/index.php\/wp-json\/wp\/v2\/pages"}],"about":[{"href":"https:\/\/slegato.de\/index.php\/wp-json\/wp\/v2\/types\/page"}],"author":[{"embeddable":true,"href":"https:\/\/slegato.de\/index.php\/wp-json\/wp\/v2\/users\/1"}],"replies":[{"embeddable":true,"href":"https:\/\/slegato.de\/index.php\/wp-json\/wp\/v2\/comments?post=46"}],"version-history":[{"count":8,"href":"https:\/\/slegato.de\/index.php\/wp-json\/wp\/v2\/pages\/46\/revisions"}],"predecessor-version":[{"id":144,"href":"https:\/\/slegato.de\/index.php\/wp-json\/wp\/v2\/pages\/46\/revisions\/144"}],"wp:attachment":[{"href":"https:\/\/slegato.de\/index.php\/wp-json\/wp\/v2\/media?parent=46"}],"curies":[{"name":"wp","href":"https:\/\/api.w.org\/{rel}","templated":true}]}}

<ul class="wp-container-2 wp-block-gallery-1 wp-block-gallery columns-2 is-cropped"><li class="blocks-gallery-item"><figure><img loading="lazy" width="977" height="993" src="https://slegato.de/wp-content/uploads/2019/09/DURAKKORD_BOOKLET_Titel.jpg" alt="" data-id="116" data-link="https://slegato.de/index.php/cds/durakkord_booklet_titel/" class="wp-image-116" srcset="https://slegato.de/wp-content/uploads/2019/09/DURAKKORD_BOOKLET_Titel.jpg 977w, https://slegato.de/wp-content/uploads/2019/09/DURAKKORD_BOOKLET_Titel-295x300.jpg 295w, https://slegato.de/wp-content/uploads/2019/09/DURAKKORD_BOOKLET_Titel-768x781.jpg 768w" sizes="(max-width: 977px) 100vw, 977px" /></figure></li><li class="blocks-gallery-item"><figure><img loading="lazy" width="977" height="993" src="https://slegato.de/wp-content/uploads/2019/09/DURAKKORD_BOOKLET_Rückseite.jpg" alt="" data-id="117" data-link="https://slegato.de/index.php/cds/durakkord_booklet_rueckseite/" class="wp-image-117" srcset="https://slegato.de/wp-content/uploads/2019/09/DURAKKORD_BOOKLET_Rückseite.jpg 977w, https://slegato.de/wp-content/uploads/2019/09/DURAKKORD_BOOKLET_Rückseite-295x300.jpg 295w, https://slegato.de/wp-content/uploads/2019/09/DURAKKORD_BOOKLET_Rückseite-768x781.jpg 768w" sizes="(max-width: 977px) 100vw, 977px" /></figure></li></ul>



<p>Das <strong><a href="http://durakkord.de/" target="_blank" rel="noreferrer noopener" aria-label=" (öffnet in neuem Tab)">Vokalquartett DURAKKORD</a></strong> singt Lieder des <strong>luxemburgischen Komponisten Laurent Menager</strong>. Geistliche und weltliche Werke für vierstimmigen Männergesang.</p>



<p>Der Luxemburger Komponist<strong> Laurent Menager</strong> (1835 – 1902) begleitet  <strong><a rel="noreferrer noopener" aria-label=" (öffnet in neuem Tab)" href="http://durakkord.de/" target="_blank">DURAKKORD</a></strong> seit Beginn seines gemeinsamen Musizierens auf vielfältige Art und Weise. In Zusammenarbeit mit der <strong>Université du Luxembourg</strong>, den Herausgebern der <strong>Menager-Gesamtausgabe</strong>, <strong>Damien Sagrillo</strong> und <strong>Alain Nitschké</strong>, und dem <strong><a href="http://merseburger.de" target="_blank" rel="noreferrer noopener" aria-label=" (öffnet in neuem Tab)">Verlag Merseburger</a></strong> aus Kassel, bei dem die Kritische Gesamtausgabe erscheint, konnte <strong>DURAKKORD</strong> inzwischen mehrere  musikalische Projekte umsetzen, bei denen geistliche und weltliche Werke Laurent Menagers im Zentrum standen. </p>



<p>Im Frühjahr 2019 schließlich produzierte <strong><a href="http://durakkord.de/" target="_blank" rel="noreferrer noopener" aria-label=" (öffnet in neuem Tab)">DURAKKORD</a></strong> seine erste <strong><a rel="noreferrer noopener" aria-label="CD (öffnet in neuem Tab)" href="https://merseburger.de/produkt/laurent-menager-cd-mit-dem-vokalquartett-durakkord/" target="_blank">CD</a></strong> mit einer Auswahl an Werken Menagers: zwei Messvertonungen, ergänzt um  geistliche Motetten und einige weltliche, zum Teil hochromantische  Liedvertonungen.</p>



<p>Viele der auf der <strong><a href="http://durakkord.de/wp-content/uploads/sites/5/2019/08/DURAKKORD_BOOKLET.pdf" target="_blank" rel="noreferrer noopener" aria-label=" (öffnet in neuem Tab)">CD</a></strong> eingespielten Werke sind bis vor wenigen Jahren  nahezu vollständig unbekannt gewesen. Frühere Veröffentlichungen auf  Tonträger dürften in nur wenigen Fällen existieren. Insoweit schließt  die vorliegende CD eine noch bestehende Repertoirelücke auf dem  Tonträgermarkt. Gleichzeitig leistet die Einspielung einen bescheidenen  Beitrag zur kulturellen Vielfalt der europäischen  Kirchenmusik(geschichte). </p>



<p>CD <strong><a href="https://merseburger.de/produkt/laurent-menager-cd-mit-dem-vokalquartett-durakkord/" target="_blank" rel="noreferrer noopener" aria-label=" (öffnet in neuem Tab)">hier</a> </strong>zum Kauf erhältlich.</p>



<p>Hier können Sie sich das gesamte Booklet ansehen: <strong><a href="http://durakkord.de/wp-content/uploads/sites/5/2019/08/DURAKKORD_BOOKLET.pdf" target="_blank" rel="noreferrer noopener" aria-label=" (öffnet in neuem Tab)">Download</a>.</strong></p>

<p>Das Vokalquartett DURAKKORD singt Lieder des luxemburgischen Komponisten Laurent Menager. Geistliche und weltliche Werke für vierstimmigen Männergesang. Der Luxemburger Komponist Laurent Menager (1835 – 1902)&hellip;</p>
