{"id":37,"date":"2019-09-11T10:55:09","date_gmt":"2019-09-11T08:55:09","guid":{"rendered":"https:\/\/slegato.de\/?page_id=37"},"modified":"2019-09-25T12:26:15","modified_gmt":"2019-09-25T10:26:15","slug":"veranstaltungen","status":"publish","type":"page","link":"https:\/\/slegato.de\/index.php\/veranstaltungen\/","title":{"rendered":"Veranstaltungen"},"content":{"rendered":"\n<figure class=\"wp-block-image\"><img loading=\"lazy\" width=\"683\" height=\"960\" src=\"https:\/\/slegato.de\/wp-content\/uploads\/2019\/09\/67807869_1179722155569508_3164355002579812352_n.jpg\" alt=\"\" class=\"wp-image-91\" srcset=\"https:\/\/slegato.de\/wp-content\/uploads\/2019\/09\/67807869_1179722155569508_3164355002579812352_n.jpg 683w, https:\/\/slegato.de\/wp-content\/uploads\/2019\/09\/67807869_1179722155569508_3164355002579812352_n-213x300.jpg 213w\" sizes=\"(max-width: 683px) 100vw, 683px\" \/><\/figure>\n\n\n\n<p>Am <strong>Samstag<\/strong>, den <strong>14. September 2019<\/strong>, fand um<strong> 19 Uhr<\/strong> ein <strong>Konzert<\/strong> mit <strong><a rel=\"noreferrer noopener\" aria-label=\" (\u00f6ffnet in neuem Tab)\" href=\"https:\/\/merseburger.de\/produkt\/laurent-menager-cd-mit-dem-vokalquartett-durakkord\/\" target=\"_blank\">CD<\/a>-Pr\u00e4sentation<\/strong> <strong>LAURENT MENAGER<\/strong> in der <strong>Stiftskirche St. Irminen<\/strong> in <strong>Trier<\/strong> statt.<\/p>\n\n\n\n<p>Das <strong><a rel=\"noreferrer noopener\" aria-label=\" (\u00f6ffnet in neuem Tab)\" href=\"http:\/\/durakkord.de\/\" target=\"_blank\">Vokalquartett DURAKKORD<\/a><\/strong> sang Lieder des <strong>luxemburgischen Komponisten Laurent Menager<\/strong>. Ein au\u00dfergew\u00f6hnliches Konzert mit <strong>geistlichen<\/strong> und <strong>weltlichen Werken<\/strong> f\u00fcr <strong>vierstimmigen M\u00e4nnergesang<\/strong>. Die CD war direkt im Rahmen dieser Veranstaltung <strong>erstmalig erh\u00e4ltlich<\/strong>.<br><br>Seit einiger Zeit widmet sich das Vokalquartett <strong>DURAKKORD<\/strong> den Werken des Luxemburger Komponisten <strong>Laurent Menager<\/strong>: <strong>Hochromantische Musik<\/strong>, die nicht selten an Schubert oder<br>Mendelssohn  erinnert, gleichzeitig aber ihren ganz eigenen Charakter entwickelt und  immer wieder mit spannenden harmonischen Wendungen \u00fcberrascht.<br>Au\u00dfer von einigen wenigen Werken existieren bisher <strong>kaum Tonaufnahmen von Menagers Werken<\/strong>. Die von DURAKKORD eingespielte CD gibt einen Einblick in das umfangreiche Schaffen Menagers: Im Mittelpunkt stehen <strong>zwei Messvertonungen<\/strong>, dazu kommen <strong>kleinere geistliche Werke<\/strong> sowie einige <strong>weltliche Liedvertonungen<\/strong>.<br>Viele  der auf der CD eingespielten Werke sind bis vor wenigen Jahren nahezu  vollst\u00e4ndig unbekannt gewesen; vergleichbare fr\u00fchere Ver\u00f6ffentlichungen  auf Tontr\u00e4ger erscheinen daher bis zum jetzigen Zeitpunkt recht  unwahrscheinlich. Insoweit schlie\u00dft die vorliegende CD <strong>eine noch bestehende Repertoirel\u00fccke<\/strong> auf dem Tontr\u00e4germarkt und leistet einen <strong>Beitrag zur kulturellen Vielfalt der europ\u00e4ischen Kirchenmusik(geschichte)<\/strong>.<br>Vokalquartett DURAKKORD \u2013 das ist ein an Jahren noch junges Vokalquartett aus Trier, bestehend aus <strong>zwei Ten\u00f6ren<\/strong> und <strong>zwei B\u00e4ssen<\/strong>. <strong>Markus G\u00f6rgen<\/strong>, <strong>Christian Krau\u00df<\/strong>, <strong>Holger Thielen<\/strong> und <strong>Carsten Lang<\/strong>  gr\u00fcndeten DURAKKORD im Fr\u00fchjahr 2013. Sie kennen sich musikalisch aber  bereits seit vielen Jahren, blicken sie doch auf eine lange und  fruchtbare gemeinsame Zeit bei den <strong>Trierer S\u00e4ngerknaben<\/strong> zur\u00fcck. Die vier Vokalisten haben es sich zur Aufgabe gemacht, in originellen Programmen <strong>Traditionelles und Innovatives mit nat\u00fcrlicher Musikalit\u00e4t und klanglicher Homogenit\u00e4t zu vereinen<\/strong>.<br>DURAKKORD pflegt ein <strong>vielf\u00e4ltiges a-cappella-Repertoire<\/strong>  an geistlichen und weltlichen Werken der Alten Musik bis hin zu  Kompositionen der Moderne des 20. und 21. Jahrhunderts. Zahlreiche  klassische \u201eVokalhits\u201c von <strong>Palestrina, Schubert oder Mendelssohn<\/strong>  stehen ganz selbstverst\u00e4ndlich auf den Konzertprogrammen von DURAKKORD.  Ein besonderes Augenmerk setzt DURAKKORD aber auch immer wieder auf das<strong> etwas unbekanntere Vokalrepertoire<\/strong>. So widmete sich das Vokalquartett unter anderem intensiv den Werken des Schubert-Zeitgenossen <strong>Anselm H\u00fcttenbrenner<\/strong> oder mit mehreren Erstauff\u00fchrungen dem kompositorischen Schaffen des Luxemburger Komponisten Laurent Menager.<\/p>\n\n\n\n<p><strong>Laurent Menager<\/strong> (1835 \u2013 1902) gilt als der <strong>wichtigste Komponist Luxemburgs im 19. Jahrhunder<\/strong>t. Nach seinem Abitur im Jahre 1855 studierte Menager bei <strong>Ferdinand Hiller<\/strong> am <strong>Konservatorium der Musik in K\u00f6ln<\/strong> Komposition, 1857 \u00fcbernahm er die musikalische Leitung des <strong>Gesangvereins Sang &amp; Klang<\/strong>. Von 1861 bis zu seinem Tod war er Organist an der <strong>Pfaffenthaler Pfarrkirche<\/strong> und arbeitete als <strong>Musikp\u00e4dagoge<\/strong> an verschiedenen Schulen der Stadt. 1863 gr\u00fcndete er zusammen mit <strong>Johann-Anton Zinnen<\/strong> und anderen den <strong>Allgemeinen Luxemburger Musikverein der heutigen Gesellschaft Union Grand-Duc Adolphe (UGDA)<\/strong>. 1891 wurde er hier <strong>Gesangsdirektor<\/strong>. Er war ebenso Leiter der <strong>Philharmonie<\/strong>. Menagers Oeuvre umfasst u. a. zahlreiche <strong>geistliche und weltliche Chorwerke<\/strong>, <strong>Kammermusik<\/strong> sowie <strong>symphonische Werke<\/strong> und <strong>Operetten<\/strong>. Das gesamte kompositorische Schaffen Menagers erscheint zurzeit im <strong>Merseburger Verlag<\/strong> (Kassel), herausgeben von <strong>Damien Sagrillo<\/strong> und <strong>Alain Nitschk\u00e9<\/strong>.<\/p>\n","protected":false},"excerpt":{"rendered":"<p>Am Samstag, den 14. September 2019, fand um 19 Uhr ein Konzert mit CD-Pr\u00e4sentation LAURENT MENAGER in der Stiftskirche St. Irminen in Trier statt. Das&hellip;<\/p>\n","protected":false},"author":1,"featured_media":0,"parent":0,"menu_order":0,"comment_status":"closed","ping_status":"closed","template":"","meta":[],"_links":{"self":[{"href":"https:\/\/slegato.de\/index.php\/wp-json\/wp\/v2\/pages\/37"}],"collection":[{"href":"https:\/\/slegato.de\/index.php\/wp-json\/wp\/v2\/pages"}],"about":[{"href":"https:\/\/slegato.de\/index.php\/wp-json\/wp\/v2\/types\/page"}],"author":[{"embeddable":true,"href":"https:\/\/slegato.de\/index.php\/wp-json\/wp\/v2\/users\/1"}],"replies":[{"embeddable":true,"href":"https:\/\/slegato.de\/index.php\/wp-json\/wp\/v2\/comments?post=37"}],"version-history":[{"count":4,"href":"https:\/\/slegato.de\/index.php\/wp-json\/wp\/v2\/pages\/37\/revisions"}],"predecessor-version":[{"id":156,"href":"https:\/\/slegato.de\/index.php\/wp-json\/wp\/v2\/pages\/37\/revisions\/156"}],"wp:attachment":[{"href":"https:\/\/slegato.de\/index.php\/wp-json\/wp\/v2\/media?parent=37"}],"curies":[{"name":"wp","href":"https:\/\/api.w.org\/{rel}","templated":true}]}}

<figure class="wp-block-image"><img loading="lazy" width="683" height="960" src="https://slegato.de/wp-content/uploads/2019/09/67807869_1179722155569508_3164355002579812352_n.jpg" alt="" class="wp-image-91" srcset="https://slegato.de/wp-content/uploads/2019/09/67807869_1179722155569508_3164355002579812352_n.jpg 683w, https://slegato.de/wp-content/uploads/2019/09/67807869_1179722155569508_3164355002579812352_n-213x300.jpg 213w" sizes="(max-width: 683px) 100vw, 683px" /></figure>



<p>Am <strong>Samstag</strong>, den <strong>14. September 2019</strong>, fand um<strong> 19 Uhr</strong> ein <strong>Konzert</strong> mit <strong><a rel="noreferrer noopener" aria-label=" (öffnet in neuem Tab)" href="https://merseburger.de/produkt/laurent-menager-cd-mit-dem-vokalquartett-durakkord/" target="_blank">CD</a>-Präsentation</strong> <strong>LAURENT MENAGER</strong> in der <strong>Stiftskirche St. Irminen</strong> in <strong>Trier</strong> statt.</p>



<p>Das <strong><a rel="noreferrer noopener" aria-label=" (öffnet in neuem Tab)" href="http://durakkord.de/" target="_blank">Vokalquartett DURAKKORD</a></strong> sang Lieder des <strong>luxemburgischen Komponisten Laurent Menager</strong>. Ein außergewöhnliches Konzert mit <strong>geistlichen</strong> und <strong>weltlichen Werken</strong> für <strong>vierstimmigen Männergesang</strong>. Die CD war direkt im Rahmen dieser Veranstaltung <strong>erstmalig erhältlich</strong>.<br><br>Seit einiger Zeit widmet sich das Vokalquartett <strong>DURAKKORD</strong> den Werken des Luxemburger Komponisten <strong>Laurent Menager</strong>: <strong>Hochromantische Musik</strong>, die nicht selten an Schubert oder<br>Mendelssohn  erinnert, gleichzeitig aber ihren ganz eigenen Charakter entwickelt und  immer wieder mit spannenden harmonischen Wendungen überrascht.<br>Außer von einigen wenigen Werken existieren bisher <strong>kaum Tonaufnahmen von Menagers Werken</strong>. Die von DURAKKORD eingespielte CD gibt einen Einblick in das umfangreiche Schaffen Menagers: Im Mittelpunkt stehen <strong>zwei Messvertonungen</strong>, dazu kommen <strong>kleinere geistliche Werke</strong> sowie einige <strong>weltliche Liedvertonungen</strong>.<br>Viele  der auf der CD eingespielten Werke sind bis vor wenigen Jahren nahezu  vollständig unbekannt gewesen; vergleichbare frühere Veröffentlichungen  auf Tonträger erscheinen daher bis zum jetzigen Zeitpunkt recht  unwahrscheinlich. Insoweit schließt die vorliegende CD <strong>eine noch bestehende Repertoirelücke</strong> auf dem Tonträgermarkt und leistet einen <strong>Beitrag zur kulturellen Vielfalt der europäischen Kirchenmusik(geschichte)</strong>.<br>Vokalquartett DURAKKORD – das ist ein an Jahren noch junges Vokalquartett aus Trier, bestehend aus <strong>zwei Tenören</strong> und <strong>zwei Bässen</strong>. <strong>Markus Görgen</strong>, <strong>Christian Krauß</strong>, <strong>Holger Thielen</strong> und <strong>Carsten Lang</strong>  gründeten DURAKKORD im Frühjahr 2013. Sie kennen sich musikalisch aber  bereits seit vielen Jahren, blicken sie doch auf eine lange und  fruchtbare gemeinsame Zeit bei den <strong>Trierer Sängerknaben</strong> zurück. Die vier Vokalisten haben es sich zur Aufgabe gemacht, in originellen Programmen <strong>Traditionelles und Innovatives mit natürlicher Musikalität und klanglicher Homogenität zu vereinen</strong>.<br>DURAKKORD pflegt ein <strong>vielfältiges a-cappella-Repertoire</strong>  an geistlichen und weltlichen Werken der Alten Musik bis hin zu  Kompositionen der Moderne des 20. und 21. Jahrhunderts. Zahlreiche  klassische „Vokalhits“ von <strong>Palestrina, Schubert oder Mendelssohn</strong>  stehen ganz selbstverständlich auf den Konzertprogrammen von DURAKKORD.  Ein besonderes Augenmerk setzt DURAKKORD aber auch immer wieder auf das<strong> etwas unbekanntere Vokalrepertoire</strong>. So widmete sich das Vokalquartett unter anderem intensiv den Werken des Schubert-Zeitgenossen <strong>Anselm Hüttenbrenner</strong> oder mit mehreren Erstaufführungen dem kompositorischen Schaffen des Luxemburger Komponisten Laurent Menager.</p>



<p><strong>Laurent Menager</strong> (1835 – 1902) gilt als der <strong>wichtigste Komponist Luxemburgs im 19. Jahrhunder</strong>t. Nach seinem Abitur im Jahre 1855 studierte Menager bei <strong>Ferdinand Hiller</strong> am <strong>Konservatorium der Musik in Köln</strong> Komposition, 1857 übernahm er die musikalische Leitung des <strong>Gesangvereins Sang &amp; Klang</strong>. Von 1861 bis zu seinem Tod war er Organist an der <strong>Pfaffenthaler Pfarrkirche</strong> und arbeitete als <strong>Musikpädagoge</strong> an verschiedenen Schulen der Stadt. 1863 gründete er zusammen mit <strong>Johann-Anton Zinnen</strong> und anderen den <strong>Allgemeinen Luxemburger Musikverein der heutigen Gesellschaft Union Grand-Duc Adolphe (UGDA)</strong>. 1891 wurde er hier <strong>Gesangsdirektor</strong>. Er war ebenso Leiter der <strong>Philharmonie</strong>. Menagers Oeuvre umfasst u. a. zahlreiche <strong>geistliche und weltliche Chorwerke</strong>, <strong>Kammermusik</strong> sowie <strong>symphonische Werke</strong> und <strong>Operetten</strong>. Das gesamte kompositorische Schaffen Menagers erscheint zurzeit im <strong>Merseburger Verlag</strong> (Kassel), herausgeben von <strong>Damien Sagrillo</strong> und <strong>Alain Nitschké</strong>.</p>

<p>Am Samstag, den 14. September 2019, fand um 19 Uhr ein Konzert mit CD-Präsentation LAURENT MENAGER in der Stiftskirche St. Irminen in Trier statt. Das&hellip;</p>
